 l**3 + 2*l**2 - 3*l - 1. Give q(j).
5
Let y(p) = -p**3 + 2*p**2 - 3*p + 122. Let h(m) = m**3 - 41*m**2 + 399*m + 153. Let v be h(17). What is y(v)?
122
Let h be -11 - 0*(-3)/3. Let t(a) be the second derivative of -a**3/6 - 5*a**2 + 665*a. What is t(h)?
1
Let z(i) = 4*i + 18. Let q be z(-4). Suppose -4*w = -3*r - q*w - 6, 2*w = 5*r + 6. Suppose r = 4*t + 25 - 5. Let d(b) = b + 11. Give d(t).
6
Let t(s) = s**3 - 5*s**2 - 16*s - 12. Let y = 40402 - 40395. Give t(y).
-26
Let v = 12 - 6. Let n(u) = u**3 + 7*u**2 - 4*u - 13. Let j(m) = -m**3 - m + 5. Let w(y) = -2*j(y) - n(y). Calculate w(v).
3
Let i(w) = -9*w + 32. Let u(m) = -4*m + 16. Let v(t) = 3*i(t) - 7*u(t). Let q be (-2)/4 - (405/6)/9. Let o be (-3)/48*q + 3/(-6). Determine v(o).
-16
Let u be (-7)/((6 - (4 - -1)) + -2). Let z(f) be the first derivative of 13*f - 1/2*f**2 + 7. Give z(u).
6
Let r(v) = -v**2 - 4*v + 17. Let a = 949 - 944. Let b be (-3*1)/(((-60)/(-32))/a). Determine r(b).
-15
Suppose 14 = -2*l - 0*l. Let t(q) be the first derivative of -q**3/3 - 9*q**2/2 + 5*q + 5242. Calculate t(l).
19
Let n(g) = -6*g + 5*g**2 + 0 - g**3 + 2*g**2 - 7. Let y = 2213 - 2207. Determine n(y).
-7
Let c(w) be the third derivative of w**5/60 - 7*w**4/24 - 622*w**2. Let b be 36/(-8)*4/(-6). What is c(b)?
-12
Let z(y) = -6*y - 3. Let p(n) = 13*n - 159. Let l be p(32). Let v = -259 + l. Determine z(v).
9
Let i(s) = 2*s + 20. Let u be i(-6). Suppose g + 6 = u. Let o(p) = -125*p + 131*p + 8 + 2*p**2 - p**g. Determine o(-7).
15
Let y(l) be the third derivative of l**4/24 + 11*l**3/2 - l**2 - 292. Give y(0).
33
Let h(k) = 18*k + 80 - 322 + 80 + 79 + 75. Give h(-5).
-98
Let s(x) = -15*x + 120. Let z be ((-35)/(-6))/5*(-2459 - -2465). What is s(z)?
15
Let r(d) be the first derivative of -d**4/4 + d**3/3 - 5486. Give r(-3).
36
Let y(n) = n**2 + 4*n - 7. Let a(b) = -2*b**2 - 8*b + 14. Let t(l) = -6*a(l) - 11*y(l). Suppose 5*w - 7*q + 60 = 0, -3*w = -3*q + 17 + 13. Determine t(w).
-2
Suppose -366*r - 6 = -6. Let q(u) be the third derivative of -u**2 + 4 + 1/6*u**3 - 5/24*u**4 + r*u. Calculate q(2).
-9
Suppose -2*o + 0 = -6. Let w(h) = 3*h**2 - 5*h - 3*h - h**o + 6*h. Suppose 2 = -n + 5*a, -4*n + 15*a = 12*a - 9. Give w(n).
-6
Let m(o) = o**3 + 19*o**2 - 43*o - 23. Let q = -3753 + 3732. Give m(q).
-2
Let q(a) be the third derivative of -a**4/24 + a**3/3 - 2713*a**2. What is q(11)?
-9
Suppose -2*v + 8*v - 30 = 0. Suppose 35 = -v*o - 5*u, -4*o + 4*u = -o + 49. Let d = -11 - o. Let t(m) = -m**3 + m**2 - m + 29. Calculate t(d).
29
Let x(v) = 8*v**2 + 1. Let d(o) = -o**2. Let q(u) = 3*d(u) - x(u). What is q(-1)?
-12
Let j(r) be the third derivative of 0 - 3*r**2 + 23*r + 1/12*r**4 + 1/30*r**5 - 1/6*r**3. What is j(1)?
3
Let l be (1 - 2) + (2 - 0). Suppose 3*x - l - 17 = 0. Let f(i) be the second derivative of i**5/20 - 5*i**4/12 - 3*i**3/2 + 4*i**2 - 3276*i. What is f(x)?
-10
Let p be 13/(-5) - (-18)/(-45). Let y(m) = m**3 + 3*m**2 + m + 5. Give y(p).
2
Let t = -898 - -902. Let s(g) be the first derivative of -g**5/120 + 7*g**3/3 + 1. Let q(b) be the third derivative of s(b). What is q(t)?
-4
Let q = -14972 - -14974. Let s(u) = -u**3 + 2*u**2 - 2*u + 3. Let k(f) = -4 + f**3 - 2*f**2 + f + 2 + f. Let j(m) = -4*k(m) - 3*s(m). Give j(q).
-5
Let g(t) = 6*t + 1. Suppose 2*v = 2*h - 10, 10 = -3*v + 2*h - 0. Suppose 0*o + 3*o - 3*w = 0, -3*o - 3*w - 6 = v. Calculate g(o).
-5
Let y(z) = 4*z - 16. Suppose -20*k - 15*k + 252 - 42 = 0. What is y(k)?
8
Let c(q) = -q**3 - 8*q**2 - 7*q + 1. Suppose -45*u + 38*u = -231. Suppose -30 - u = 9*m. Give c(m).
1
Let j(l) = -l**2 - 15*l + 18. Suppose 0 = 9*m - 1108 - 1052. Suppose 30*k + m = 15*k. Calculate j(k).
2
Let y(w) = 7 + 5*w - 493*w**2 + 194*w**2 + 314*w**2. Give y(-1).
17
Let k = 4719 + -4735. Let z(s) = -s**2 - 15*s - 23. Calculate z(k).
-39
Let w = 278 + -285. Let g be 1 + (-6 - (w + 0 + 4)). Let u(y) = -2*y**3 + 2*y**2 - y. What is u(g)?
26
Let h be 2/((-2)/(-7)*105/165). Suppose -h*f - 19 = 14. Let c(m) = -5*m - 3. What is c(f)?
12
Let y(v) be the third derivative of v**4/8 + 7*v**3/6 + 14*v**2. Suppose 275 = 20*w + 415. Calculate y(w).
-14
Let q(x) = -x**3 + 15*x**2 - 3*x - 11*x + 0*x + x - 19. Let v be q(14). Let b(d) = -3 - 38*d - 39*d - 29*d + 108*d. Calculate b(v).
-13
Let r(p) be the second derivative of p**7/2520 - p**6/180 + 7*p**5/120 + 8*p**4/3 + p**3/3 - 65*p. Let d(k) be the third derivative of r(k). Calculate d(4).
7
Let s(m) be the first derivative of m**3/3 - 5*m**2 + 11*m + 23. What is s(11)?
22
Let z(j) = -12616*j**2 + 25232*j**2 - 12614*j**2 + 3. Calculate z(3).
21
Let l(m) = m**3 - 10*m**2 + 2*m - 18. Let s be l(10). Suppose 0 = -s*d - 5*w - 130, w - 47 = d - w. Let k = -56 - d. Let p(q) = -11*q**2. Give p(k).
-11
Suppose a = 5*a - 32. Let d(i) = i**3 - 7*i**2 - 7*i - 6. Let f be d(a). Suppose 3*g - f*g = 1. Let q(j) = -j**2 - j + 1. Give q(g).
-1
Let k be (-2)/((-4)/6*(12 + 21/(-2))). Let h(j) be the second derivative of -9*j - 1/2*j**k + 0 - 1/6*j**3. What is h(-6)?
5
Let u = -4 + 4. Let i(p) be the first derivative of 23 - 1/2*p**2 + 2*p. Calculate i(u).
2
Let d(r) = -r**3 + 5*r**2 - 4*r + 3. Let k be d(4). Let t(m) = -m**2 - 22*m - 33. Let x be t(-13). Let b(f) = -4*f + 171*f**2 - 86*f**2 - x*f**2. What is b(k)?
-3
Let l be 6 + (-1)/((-5)/15). Suppose r = -2*r + l. Let v(f) = 5*f**2 - 2*f + 1. Determine v(r).
40
Let x(i) be the third derivative of -i**4/24 + 16*i**2 + 4*i. Let w be 1/1*(3 + (6 - 10)). Give x(w).
1
Let u(x) = x**3 + 20*x**2 + 42 - 154528*x + 77266*x + 12 + 77265*x. Calculate u(-20).
-6
Let h(q) = -q**2 - 4*q + 3. Suppose -i + 4*g = -0*i - 20, i = g + 8. Suppose 3*y = 5*r - 33, 2*r - y - i*y = 17. Let c be (10/8)/(r/(-24)). What is h(c)?
-2
Let k = -14947 - -14957. Let v(p) be the third derivative of k*p**2 + 2/3*p**3 + 1/24*p**4 - 2*p + 0 + 1/60*p**5. Calculate v(0).
4
Let m(f) = -f**2 + 30*f - 29. Let p be m(29). Suppose 11*d + p*d = -44. Let o(c) be the first derivative of c**3/3 + 5*c**2/2 - c - 4. Give o(d).
-5
Let r = 3078 + -3073. Let s(d) be the third derivative of 1/120*d**6 + 1/20*d**r + 0 - 1/3*d**3 - 15*d**2 + 0*d - 1/12*d**4. Calculate s(-3).
4
Let n(x) = -x - 13. Let f be n(-12). Let k be (66/10)/3 - f/(-5). Let c(b) = -1 - k*b - 4 + 3*b**2 + 3 + b**3. Give c(-3).
4
Suppose 52*m - 50*m = -2. Let i(u) = u + 1. Let g(t) = -11*t - 13. Let r(w) = 6*g(w) + 78*i(w). Calculate r(m).
-12
Let c(y) = 17*y**2 - 13*y**2 - 1083*y**3 + 1082*y**3 - 15 + 6*y. Calculate c(5).
-10
Let s(b) = -352*b + 120*b + 114*b + 3 + 124*b. Let u(z) = -z**3 - 4*z**2 + 6*z. Let c be u(-5). Let d be c*2/25*5. What is s(d)?
-9
Let a = 84 - 80. Suppose 2 = n - a. Let t(h) = -h - 3. Give t(n).
-9
Let o(b) = 43*b**2 - 14*b + 4. Let c(d) = 29*d**2 - 15*d + 3. Let l(n) = 3*c(n) - 2*o(n). Determine l(17).
1
Suppose 29*g = 30*g + 184. Let x = g - -183. Let v(d) = -7*d**3 + 2*d + 1. Determine v(x).
6
Let q(t) = -3*t**3 + 3*t**2 - 2*t. Suppose 3*p + 6245 = 6251. Calculate q(p).
-16
Let t(y) = y**2 - 12*y + 20. Let m(k) = 58*k + 65. Let x be m(-1). Determine t(x).
-15
Let z(p) = -p**2 + p**2 - 4513 + 4500 - 12*p - 2*p**2. Determine z(-2).
3
Let i(y) = -19*y**3 + y - 1. Suppose -89*l + 81*l = -1152. Suppose 0 = l*x - 161*x + 17. Determine i(x).
-19
Let k(s) be the second derivative of s**4/12 - s**2/2 + 5495*s. What is k(-4)?
15
Let c(k) = 2*k**2 + 7*k - 18. Let d(v) = -v**3 - 12*v**2 + 24*v - 61. Let n be d(-14). Calculate c(n).
-3
Let w(a) = -4*a - 11. Let c(b) = -33*b - 17. Let t(o) = 94*o + 50. Let q(i) = 17*c(i) + 6*t(i). Let u(f) = 5*q(f) + 4*w(f). Determine u(7).
4
Let f(u) = -41*u**3 - 3*u**2 - 2*u + 36. Let n(l) = 14*l**3 - l**2 - l. Let a(b) = -f(b) - 3*n(b). Determine a(6).
-6
Let x(p) = 152*p - 290*p + 144*p + 68. Give x(-13).
-10
Let y(j) = -24*j - 13. Let u(i) = 11*i + 6. Suppose -10*k - 12 = -8*k. Let p(b) = k*y(b) - 13*u(b). Determine p(-2).
-2
Let x(y) = 6*y**3 + 2*y**2 - 3*y - 11. Let i(a) = a**3 + a + 2. Let v(q) = -5*i(q) + x(q). Calculate v(-4).
-21
Let d(q) be the second derivative of 2*q**3 + 2*q**2 + 173*q + 3. Calculate d(-2).
-20
Let m be (2 - 6) + -7 + 4. Let o(l) = -l**2 - 3*l + 37. Let j be o(m). Let z(v) = -v**2 + 9*v - 11. Determine z(j).
-11
Let z(y) be the third derivative of y**5/60 - y**4/8 + 31*y**3/3 + 1829*y**2. Determine z(0).